se 16?
-4046a1
Convert -312dd (base 16) to base 15.
-3ea42
1220144 (base 6) to base 2
1111110101100000
-72728 (base 9) to base 3
-2102210222
-1430411413 (base 5) to base 9
-7065318
Convert -665357 (base 10) to base 3.
-1020210200212
What is 1001011110011010100 (base 2) in base 16?
4bcd4
What is -2222112 (base 7) in base 5?
-32240313
-31816 (base 12) to base 3
-10022022100
-201333331 (base 5) to base 4
-3011122033
Convert 327c9 (base 13) to base 10.
91425
Convert -1831831 (base 10) to base 11.
-1041311
What is -425b636 (base 12) in base 5?
-11204041234
What is -116a4a (base 13) in base 15?
-82d78
What is 1dd70 (base 14) in base 5?
4423414
Convert -721042 (base 8) to base 4.
-322020202
What is -431333 (base 7) in base 13?
-28160
Convert -10001120123 (base 4) to base 16.
-10161b
What is 11011210121111 (base 3) in base 4?
20132003122
-483ac6 (base 15) to base 11
-1a4a925
What is 11100000100101011101110 (base 2) in base 10?
7359214
What is -10033221 (base 4) in base 5?
-1024020
What is -13422344 (base 6) in base 15?
-8e87d
Convert -6b984 (base 14) to base 6.
-5343320
-4424542 (base 7) to base 3
-1000122121021
-1132220323 (base 4) to base 6
-12150351
Convert -110104123 (base 6) to base 10.
-1968243
-e08456 (base 15) to base 9
-22045640
What is 5642120 (base 7) in base 12?
298928
Convert 72579 (base 11) to base 9.
171160
Convert 1661341 (base 7) to base 15.
49261
Convert 163b35 (base 13) to base 8.
2064361
What is 2317856 (base 9) in base 8?
4616050
324166 (base 9) to base 10
193326
Convert -10011001112102 (base 3) to base 15.
-2310b8
What is -215753 (base 11) in base 8?
-1240357
399ca (base 15) to base 9
311031
Convert -203115 (base 11) to base 14.
-86c64
11000101110100111 (base 2) to base 10
101287
Convert 5405200 (base 6) to base 14.
6caac
Convert a028 (base 14) to base 9.
41618
-112324342 (base 5) to base 3
-221222021011
Convert 111011012 (base 3) to base 15.
2c95
Convert 29727 (base 10) to base 3.
1111210000
-1295790 (base 11) to base 9
-4173127
Convert 1100100111001010111 (base 2) to base 10.
413271
Convert 3662b9 (base 16) to base 6.
204221001
13ea84 (base 16) to base 10
1305220
What is -28682 (base 14) in base 9?
-162243
Convert -c57 (base 16) to base 14.
-1219
What is 2015266 (base 7) in base 11?
153a92
Convert -10010001101110000010 (base 2) to base 5.
-123044431
-10858a7 (base 13) to base 12
-18448a3
Convert 334256 (base 7) to base 15.
127c5
What is 1050425 (base 7) in base 3?
20121010222
-204311433 (base 5) to base 11
-533688
-10100100101111011001011 (base 2) to base 3
-101011020222001
-1001010010000010101011 (base 2) to base 12
-994123
What is -3824220 (base 10) in base 13?
-a3b86a
What is 177344 (base 12) in base 16?
63424
What is 3625e8 (base 15) in base 16?
278510
What is 45546725 (base 8) in base 9?
20533044
-21044213 (base 6) to base 2
-10010101100100110001
Convert -22000120022 (base 4) to base 15.
-36c2ab
Convert -453224314 (base 6) to base 14.
-11566b4
What is 5025899 (base 11) in base 14?
12777a2
441c3 (base 14) to base 3
22101100101
6222221 (base 8) to base 14
30c6d3
100010011011000111100 (base 2) to base 3
2010022022122
Convert 4626845 (base 9) to base 2.
1001100001111011000011
What is -5682f (base 16) in base 5?
-42314401
What is -4ca31 (base 16) in base 7?
-2445114
-6a869 (base 14) to base 11
-168048
31312320011 (base 4) to base 7
42606542
What is -21202212002 (base 3) in base 7?
-1205006
What is 10011111111001110000010 (base 2) in base 6?
304145442
What is abe7c (base 16) in base 5?
140012444
Convert -2313521 (base 6) to base 7.
-1003201
Convert 100000011110001 (base 2) to base 14.
60b7
23603527 (base 8) to base 5
2311213343
55691 (base 12) to base 2
11011101010001101
Convert 10bbc15 (base 15) to base 8.
55564621
What is 10660333 (base 7) in base 16?
e53d2
Convert 64e78 (base 15) to base 10.
320513
What is 3e56d8 (base 16) in base 15?
55a794
What is -275047 (base 13) in base 15?
-13c807
-578b3 (base 13) to base 7
-1233355
-35445771 (base 8) to base 15
-a32167
88038d (base 14) to base 11
266a045
What is 1aa9a4 (base 16) in base 12?
703258
What is -3f1633 (base 16) in base 7?
-50066536
What is -202376 (base 9) in base 10?
-119868
What is 28ab4d (base 16) in base 5?
1140242133
Convert 24a8b6 (base 13) to base 8.
3267255
Convert 194a815 (base 11) to base 5.
1320401003
What is 11011000110001010 (base 2) in base 7?
641401
What is 45188 (base 12) in base 6?
1545052
2335936 (base 12) to base 6
401314110
23544411 (base 6) to base 5
142314134
What is -12161212 (base 8) in base 10?
-2679434
53025a (base 11) to base 6
30112445
Convert 216a08 (base 15) to base 8.
6045113
675a6 (base 11) to base 14
2795a
What is -10000000110101100101101 (base 2) in base 10?
-4221741
What is 101000010001011011000 (base 2) in base 12?
537820
502767 (base 8) to base 6
3313331
Convert -654447 (base 8) to base 3.
-102011000002
What is -1071376 (base 8) in base 3?
-112210222100
-38778 (base 11) to base 3
-2211010200
What is -391556 (base 13) in base 11?
-859379
Convert -107506 (base 9) to base 16.
-fc33
Convert -2a79b2 (base 15) to base 9.
-3765165
112536 (base 11) to base 13
63621
526de (base 16) to base 15
6a08a
Convert 17035575 (base 8) to base 3.
21102112210121
What is 4164147 (base 10) in base 9?
7746120
Convert 6016762 (base 8) to base 4.
12001313302
-82421 (base 11) to base 3
-20010000110
4233103 (base 9) to base 14
42da40
What is -2101621 (base 7) in base 12?
-102331
Convert 550223 (base 7) to base 13.
349c7
230232201 (base 5) to base 6
33540551
Convert 125773 (base 8) to base 15.
d0a2
Convert -56ab4 (base 14) to base 11.
-134301
What is 9012461 (base 10) in base 11?
50a6217
What is 183234 (base 10) in base 12?
8a056
-127824 (base 16) to base 10
-1210404
4a3b4 (base 15) to base 9
401207
What is -121101000100200 (base 3) in base 13?
-1a58021
Convert 3043241 (base 6) to base 11.
9a684
What is -355001431 (base 6) in base 14?
-c597ab
-6fc86 (base 16) to base 4
-1233302012
-12414334 (base 5) to base 8
-360326
-92952 (base 10) to base 8
-265430
Convert -23231322 (base 5) to base 4.
-303220012
1ac65 (base 16) to base 4
122301211
What is -b7938 (base 13) in base 3?
-121211012122
653c2 (base 13) to base 10
183016
Convert 4711864 (base 9) to base 4.
21231312133
Convert 63650 (base 7) to base 8.
36624
439039 (base 16) to base 15
5c6e3d
Convert -1420202332 (base 5) to base 13.
-9ba410
28235 (base 10) to base 8
67113
Convert 123021003132 (base 4) to base 11.
401a649
-52458 (base 13) to base 11
-a1179
Convert -1456545 (base 7) to base 10.
-199218
-12c02 (base 16) to base 13
-28c5b
What is 2b3b13 (base 15) in base 6?
112431443
What is 808636 (base 10) in base 2?
11000101011010111100
-361330 (base 8) to base 2
-11110001011011000
Convert 1175062 (base 10) to base 15.
183277
Convert 52304444 (base 7) to base 15.
5c02de
What is -b18a8 (base 16) in base 9?
-1327478
2605b77 (base 12) to base 10
7475275
Convert -472e9 (base 16) to base 11.
-18a066
Convert 3000002 (base 5) to base 16.
b71d
What is -297577 (base 10) in base 7?
-2346400
-16956 (base 12) to base 13
-11a15
What is 452410 (base 7) in base 9?
131814
What is -13515044 (base 6) in base 13?
-131bc0
Convert -1725a (base 16) to base 10.
-94810
What is -16560 (base 10) in base 5?
-1012220
-23413002 (base 5) to base 7
-1561365
What is 11011011100100000 (base 2) in base 4?
123130200
Convert 2331013133 (base 4) to base 15.
1047b8
171202 (base 14) to base 6
25205230
14700 (base 14) to base 16
c64c
What is -118677 (base 9) in base 7?
-416623
6de4a7 (base 16) to base 8
33362247
47bb83 (base 15) to base 14
654822
Convert 144205 (base 13) to base 12.
1ba324
Convert 22431455 (base 6) to base 3.
1021222112122
-1440505 (base 7) to base 5
-22212411
What is 1208729 (base 11) in base 5?
1014331224
Convert 47529 (base 15) to base 7.
1634436
Convert 51333204 (base 6) to base 13.
3c806b
Convert 201010103 (base 5) to base 8.
3025530
What is 46a0ce (base 15) in base 2?
1100111000000001011010
Convert 79358 (base 10) to base 2.
10011010111111110
Convert -c8aab8 (base 13) to base 6.
-244523235
What is 110100010011010101000 (base 2) in base 7?
20365411
-10420342 (base 5) to base 8
-263504
Convert 15dbd41 (base 14) to base 8.
51005605
Convert 22e86 (base 16) to base 12.
6a8b2
a98e8 (base 16) to base 13
1b4165
What is 106996 (base 10) in bas